{"id":6791,"date":"2022-09-01T15:35:30","date_gmt":"2022-09-01T12:35:30","guid":{"rendered":"https:\/\/www.oulucomics.com\/?page_id=6791"},"modified":"2022-10-11T12:22:38","modified_gmt":"2022-10-11T09:22:38","slug":"sarjakuvakeidas2022","status":"publish","type":"page","link":"https:\/\/www.oulucomics.com\/fi\/fest\/sarjakuvakeidas2022\/","title":{"rendered":"Sarjakuvakeidas 2022"},"content":{"rendered":"\n<p><strong><\/strong><strong><\/strong><strong>Oulun Sarjakuvafestivaali 2022:<\/strong><br \/><a href=\"https:\/\/www.oulucomics.com\/fi\/fest\/festivaaliohjelma2022\/\">Festivaaliohjelma<\/a> | <a href=\"https:\/\/www.oulucomics.com\/fi\/fest\/sarjakuvakeidas2022\/\">Sarjakuvakeidas<\/a> | <a href=\"https:\/\/www.oulucomics.com\/fi\/fest\/festivaalinayttelyt2022\/\">Festivaalin\u00e4yttelyt<\/a><\/p>\n\n\n\n<p>Sarjakuvakeidas on avoinna lauantaina 12.11. klo 11:00-18:00 Kulttuuritalo Valveella (Hallituskatu 7, Oulu). <\/p>\n\n\n\n<p>Keidas antaa vierailijoille mahdollisuuden tehd\u00e4 sarjakuval\u00f6yt\u00f6j\u00e4. Keitaalla on myynniss\u00e4 sarjakuvakirjoja, tulosteita, oheistuotteita ja muuta materiaalia lukuisilla p\u00f6ydill\u00e4, joiden takaa l\u00f6ytyy itsen\u00e4isi\u00e4 tekij\u00f6it\u00e4, yrityksi\u00e4 ja yhteis\u00f6j\u00e4. Sarjakuvakeidas sijaitsee Kulttuuritalo Valveella &#8211; samassa rakennuksessa Oulun Sarjakuvakeskuksen kanssa.<\/p>\n\n\n\n<p>N\u00e4ytteilleasettajat julkaistaan my\u00f6hemmin&#8230;<\/p>\n\n\n\n\t\t\t\t<div class=\"event-list\">\n\t\t\t\t<ul class=\"event-list-view\">\n\t\t\t \t<li class=\"event festivaali fest-en fsat center signing\">\n\t\t\t\t\t<div class=\"event-date\"><div class=\"start-date\"><div class=\"event-weekday\">la<\/div><div class=\"event-day\">12<\/div><div class=\"event-month\">marras<\/div><div class=\"event-year\">2022<\/div><\/div><\/div>\n\t\t\t\t\t<div class=\"event-info single-day\"><div class=\"event-title\"><h3>Sarjakuvakeidas | Comics Oasis<\/h3><\/div><span class=\"event-time\">11:00 - 18:00<\/span><span class=\"event-location\">Kulttuuritalo Valve | Cultural Centre Valve, Hallituskatu 7, Oulu<\/span><div class=\"event-details\"><p><span style=\"font-weight: 400;\"><img loading=\"lazy\" decoding=\"async\" class=\"alignright size-medium wp-image-6833\" src=\"https:\/\/www.oulucomics.com\/wp-content\/uploads\/2022\/09\/Keidas_netti-300x266.jpeg\" alt=\"\" width=\"300\" height=\"266\" srcset=\"https:\/\/www.oulucomics.com\/wp-content\/uploads\/2022\/09\/Keidas_netti-300x266.jpeg 300w, https:\/\/www.oulucomics.com\/wp-content\/uploads\/2022\/09\/Keidas_netti-440x389.jpeg 440w, https:\/\/www.oulucomics.com\/wp-content\/uploads\/2022\/09\/Keidas_netti.jpeg 600w\" sizes=\"auto, (max-width: 300px) 100vw, 300px\" \/><img loading=\"lazy\" decoding=\"async\" class=\"size-full wp-image-2956 alignleft\" src=\"http:\/\/www.oulucomics.com\/wp-content\/uploads\/2017\/10\/fi.jpg\" alt=\"\" width=\"23\" height=\"20\" \/>Sarjakuvakeidas tarjoaa vierailijoille mahdollisuuden tehd\u00e4 sarjakuval\u00f6yt\u00f6j\u00e4. Keitaalla on myynniss\u00e4 sarjakuvakirjoja, tulosteita, oheistuotteita ja muuta materiaalia lukuisilla p\u00f6ydill\u00e4, joiden takaa l\u00f6ytyy itsen\u00e4isi\u00e4 tekij\u00f6it\u00e4, yrityksi\u00e4 ja yhteis\u00f6j\u00e4.\u00a0<\/span><\/p>\n<p><strong>Turun Sarjakuvakauppa<\/strong><b> \/ <\/b><span style=\"font-weight: 400;\">Zum Teufel<\/span><\/p>\n<p><strong>Valvesalin aula<\/strong><\/p>\n<ul>\n<li><span style=\"font-weight: 400;\">Asema kustannus \/ Ville Ranta<\/span><\/li>\n<li><span style=\"font-weight: 400;\">Kutikuti<\/span><\/li>\n<li><span style=\"font-weight: 400;\">Pohjoinen kulttuurilehti Kaltio<\/span><\/li>\n<li><span style=\"font-weight: 400;\">Suuri Kurpitsa<\/span><\/li>\n<\/ul>\n<p><strong>Valvesali<\/strong><\/p>\n<ul>\n<li><span style=\"font-weight: 400;\">Apila Pepita<\/span><\/li>\n<li><span style=\"font-weight: 400;\">Betoniaaveet<\/span><\/li>\n<li><span style=\"font-weight: 400;\">Ilpo Koskela<\/span><\/li>\n<li><span style=\"font-weight: 400;\">Irina Tiala<\/span><\/li>\n<li><span style=\"font-weight: 400;\">Jarkko Harakka<\/span><\/li>\n<li><span style=\"font-weight: 400;\">Jasso \/ Jii Roikonen<\/span><\/li>\n<li><span style=\"font-weight: 400;\">Jenni V\u00e4likangas &amp; Reetta Kallio<\/span><\/li>\n<li><span style=\"font-weight: 400;\">Jiipu Uusitalo<\/span><\/li>\n<li><span style=\"font-weight: 400;\">Jouni Koponen<\/span><\/li>\n<li><span style=\"font-weight: 400;\">Kummaconin sarjakuva- ja kirjakirppis<\/span><\/li>\n<li><span style=\"font-weight: 400;\">Limingan taidekoulu<\/span><\/li>\n<li><span style=\"font-weight: 400;\">Matti Reijonen<\/span><\/li>\n<li><span style=\"font-weight: 400;\">Mirjamindigo<\/span><\/li>\n<li><span style=\"font-weight: 400;\">Musta Ritari \/ Kevyt metalli<\/span><\/li>\n<li><span style=\"font-weight: 400;\">Muura \/ Mira-Pauliina<\/span><\/li>\n<li><span style=\"font-weight: 400;\">Nam-Ke Production<\/span><\/li>\n<li><span style=\"font-weight: 400;\">Nordic Manga (klo 15-18)<\/span><\/li>\n<li><span style=\"font-weight: 400;\">Niina Salmelin<\/span><\/li>\n<li><span style=\"font-weight: 400;\">Nika Kiiskil\u00e4<\/span><\/li>\n<li><span style=\"font-weight: 400;\">Oulun Cosplay<\/span><\/li>\n<li><span style=\"font-weight: 400;\">PeneLopez<\/span><\/li>\n<li><span style=\"font-weight: 400;\">Piiru<\/span><\/li>\n<li><span style=\"font-weight: 400;\">Pokuto - Pohjoinen Kustannustoiminta<\/span><\/li>\n<li><span style=\"font-weight: 400;\">Para Valta<\/span><\/li>\n<li><span style=\"font-weight: 400;\">Reunaehto<\/span><\/li>\n<li><span style=\"font-weight: 400;\">ROSA - Rovaniemen Sarjakuvaseura<\/span><\/li>\n<li><span style=\"font-weight: 400;\">Sarjakuva- ja taidekollektiivi Kryptidi Homot<\/span><\/li>\n<li><span style=\"font-weight: 400;\">Siiri Viljakka<\/span><\/li>\n<li><span style=\"font-weight: 400;\">Suisto Kustannus<\/span><\/li>\n<li><span style=\"font-weight: 400;\">Sumu Posio<\/span><\/li>\n<li><span style=\"font-weight: 400;\">Suomen Sarjakuvaseura ry<\/span><\/li>\n<li>Veli-Matti Ural<\/li>\n<li><span style=\"font-weight: 400;\">Ville Paananen<\/span><\/li>\n<li><span style=\"font-weight: 400;\">VrKiwi<\/span><\/li>\n<\/ul>\n<p><span style=\"font-weight: 400; color: #0000ff;\"><a href=\"http:\/\/www.oulucomics.com\/wp-content\/uploads\/2017\/10\/en.jpg\"><img loading=\"lazy\" decoding=\"async\" class=\"size-full wp-image-2955 alignleft\" src=\"http:\/\/www.oulucomics.com\/wp-content\/uploads\/2017\/10\/en.jpg\" alt=\"\" width=\"23\" height=\"20\" \/><\/a>Comics Oasis offers its visitors a possibility to discover new comics and make bargains. There will be comic books, art prints, apparel, and other stuff on sale at the oasis, sold by independent authors, companies, and communities.<\/span><\/p>\n<\/div><\/div>\n\t\t\t\t<\/li>\n\t\t\t \t<li class=\"event festivaali fest-en fsat center signing\">\n\t\t\t\t\t<div class=\"event-date\"><div class=\"start-date\"><div class=\"event-weekday\">la<\/div><div class=\"event-day\">12<\/div><div class=\"event-month\">marras<\/div><div class=\"event-year\">2022<\/div><\/div><\/div>\n\t\t\t\t\t<div class=\"event-info single-day\"><div class=\"event-title\"><h3>Signeeraukset | Signings<\/h3><\/div><span class=\"event-time\">11:00 - 18:00<\/span><span class=\"event-location\">Kulttuuritalo Valve | Cultural Centre Valve, Hallituskatu 7, Oulu<\/span><div class=\"event-details\"><h3>Turun Sarjakuvakauppa<\/h3>\n<ul>\n<li><span style=\"font-weight: 400;\">12:00-13:00, <\/span><span style=\"font-weight: 400;\"><strong>Jaana Suorsa<\/strong><\/span><\/li>\n<li><span style=\"font-weight: 400;\">12:45-13:30, <\/span><strong>Harri \"Wallu\" Vaalio<\/strong><\/li>\n<li><span style=\"font-weight: 400;\">13:00-13:30, <\/span><strong>Kari Sihvonen<\/strong><\/li>\n<li><span style=\"font-weight: 400;\">13:30-14:30, <\/span><strong>Tapani Bagge<\/strong> &amp; <strong>Aapo Kukko<\/strong><\/li>\n<li><span style=\"font-weight: 400;\">14:30-15:15, <\/span><strong>Petteri Tikkanen<\/strong><\/li>\n<li><span style=\"font-weight: 400;\">14:30-15:15, <\/span><strong>Ville H\u00e4nninen<\/strong><\/li>\n<li><span style=\"font-weight: 400;\">15:15-15:45, <\/span><strong>Lauri Ahtinen<\/strong><\/li>\n<li><span style=\"font-weight: 400;\">15:15-16:15, <\/span><strong>Petri Hiltunen<\/strong><\/li>\n<li><span style=\"font-weight: 400;\">15:45-16:30, <\/span><strong>Jarno Latva-Nikkola<\/strong><\/li>\n<li><span style=\"font-weight: 400;\">16:15-17:00, <\/span><strong>Hanneriina Moisseinen<\/strong><\/li>\n<li><span style=\"font-weight: 400;\">16:30-17:30, <\/span><span style=\"font-weight: 400;\"><strong>Malin Falch<\/strong> (Norja)<\/span><\/li>\n<li><span style=\"font-weight: 400;\">17:00-17:45, <\/span><strong>Pertti Jarla<\/strong><\/li>\n<li><span style=\"font-weight: 400;\">17:15-17:45, <\/span><strong>Karoliina Korhonen<\/strong><\/li>\n<li><span style=\"font-weight: 400;\">17:45-18:15, <\/span><span style=\"font-weight: 400;\"><strong>Tessa Astre<\/strong>, <strong>Niko-Petteri Niva<\/strong> &amp; <strong>Aapo Kukko<\/strong><\/span><\/li>\n<\/ul>\n<h3>Suuri Kurpitsa &amp; Asema Kustannus<\/h3>\n<ul>\n<li><span style=\"font-weight: 400;\">11:00-18:00, <\/span><strong>Ville Ranta<\/strong><\/li>\n<li><span style=\"font-weight: 400;\">11:30-12:30, <\/span><strong>Kimmo Lust<\/strong><\/li>\n<li><span style=\"font-weight: 400;\">15:00-16:00, <\/span><strong>Emilia Laatikainen<\/strong><\/li>\n<\/ul>\n<h3>Pokuto - Pohjoinen Kustannustoiminta<\/h3>\n<ul>\n<li><span style=\"font-weight: 400;\">12:00-13:00, <\/span><strong>Sami Nyyss\u00f6l\u00e4<\/strong><\/li>\n<li><span style=\"font-weight: 400;\">13:00-14:00, <\/span><strong>Tiia Salmelin<\/strong><\/li>\n<li><span style=\"font-weight: 400;\">14:00-15:00, <\/span><strong>Riika Ruottinen<\/strong><\/li>\n<li><span style=\"font-weight: 400;\">15:00-16:00, <\/span><strong>Mikko Jylh\u00e4<\/strong><\/li>\n<\/ul>\n<h3>Musta Ritari \/ Kevyt Metalli<\/h3>\n<ul>\n<li><span style=\"font-weight: 400;\">13:45-15:00, <\/span><strong>Ville Paananen<\/strong><\/li>\n<li><span style=\"font-weight: 400;\">15:00-16:00, <\/span><span style=\"font-weight: 400;\"><strong>Vesa Vitikainen<\/strong> &amp; <strong>Markus Tuppurainen<\/strong><\/span><\/li>\n<\/ul>\n<h3>Suisto Kustannus<\/h3>\n<ul>\n<li><span style=\"font-weight: 400;\">11:00-18:00, <\/span><strong>Janne Parviainen<\/strong><\/li>\n<\/ul>\n<h3>PeneLopez<\/h3>\n<ul>\n<li><span style=\"font-weight: 400;\">11:00-18:00, <\/span><strong>Jouko Nuora<\/strong><\/li>\n<\/ul>\n<\/div><\/div>\n\t\t\t\t<\/li><\/ul>\n\t\t\t\t<\/div>\n","protected":false},"excerpt":{"rendered":"<p><!-- wp:paragraph --><\/p>\n<p><strong><strong><strong>Oulun Sarjakuvafestivaali 2022:<\/strong><br \/><a href=\"https:\/\/www.oulucomics.com\/fi\/fest\/festivaaliohjelma2022\/\">Festivaaliohjelma<\/a> | <a href=\"https:\/\/www.oulucomics.com\/fi\/fest\/sarjakuvakeidas2022\/\"...\n<\/p>\n","protected":false},"author":1,"featured_media":0,"parent":12,"menu_order":0,"comment_status":"closed","ping_status":"closed","template":"","meta":{"footnotes":""},"categories":[],"tags":[],"class_list":["post-6791","page","type-page","status-publish","hentry"],"_links":{"self":[{"href":"https:\/\/www.oulucomics.com\/fi\/wp-json\/wp\/v2\/pages\/6791","targetHints":{"allow":["GET"]}}],"collection":[{"href":"https:\/\/www.oulucomics.com\/fi\/wp-json\/wp\/v2\/pages"}],"about":[{"href":"https:\/\/www.oulucomics.com\/fi\/wp-json\/wp\/v2\/types\/page"}],"author":[{"embeddable":true,"href":"https:\/\/www.oulucomics.com\/fi\/wp-json\/wp\/v2\/users\/1"}],"replies":[{"embeddable":true,"href":"https:\/\/www.oulucomics.com\/fi\/wp-json\/wp\/v2\/comments?post=6791"}],"version-history":[{"count":7,"href":"https:\/\/www.oulucomics.com\/fi\/wp-json\/wp\/v2\/pages\/6791\/revisions"}],"predecessor-version":[{"id":6914,"href":"https:\/\/www.oulucomics.com\/fi\/wp-json\/wp\/v2\/pages\/6791\/revisions\/6914"}],"up":[{"embeddable":true,"href":"https:\/\/www.oulucomics.com\/fi\/wp-json\/wp\/v2\/pages\/12"}],"wp:attachment":[{"href":"https:\/\/www.oulucomics.com\/fi\/wp-json\/wp\/v2\/media?parent=6791"}],"wp:term":[{"taxonomy":"category","embeddable":true,"href":"https:\/\/www.oulucomics.com\/fi\/wp-json\/wp\/v2\/categories?post=6791"},{"taxonomy":"post_tag","embeddable":true,"href":"https:\/\/www.oulucomics.com\/fi\/wp-json\/wp\/v2\/tags?post=6791"}],"curies":[{"name":"wp","href":"https:\/\/api.w.org\/{rel}","templated":true}]}}

<p><strong></strong><strong></strong><strong>Oulun Sarjakuvafestivaali 2022:</strong><br /><a href="https://www.oulucomics.com/fi/fest/festivaaliohjelma2022/">Festivaaliohjelma</a> | <a href="https://www.oulucomics.com/fi/fest/sarjakuvakeidas2022/">Sarjakuvakeidas</a> | <a href="https://www.oulucomics.com/fi/fest/festivaalinayttelyt2022/">Festivaalinäyttelyt</a></p>



<p>Sarjakuvakeidas on avoinna lauantaina 12.11. klo 11:00-18:00 Kulttuuritalo Valveella (Hallituskatu 7, Oulu). </p>



<p>Keidas antaa vierailijoille mahdollisuuden tehdä sarjakuvalöytöjä. Keitaalla on myynnissä sarjakuvakirjoja, tulosteita, oheistuotteita ja muuta materiaalia lukuisilla pöydillä, joiden takaa löytyy itsenäisiä tekijöitä, yrityksiä ja yhteisöjä. Sarjakuvakeidas sijaitsee Kulttuuritalo Valveella &#8211; samassa rakennuksessa Oulun Sarjakuvakeskuksen kanssa.</p>



<p>Näytteilleasettajat julkaistaan myöhemmin&#8230;</p>



				<div class="event-list">
				<ul class="event-list-view">
			 	<li class="event festivaali fest-en fsat center signing">
					<div class="event-date"><div class="start-date"><div class="event-weekday">la</div><div class="event-day">12</div><div class="event-month">marras</div><div class="event-year">2022</div></div></div>
					<div class="event-info single-day"><div class="event-title"><h3>Sarjakuvakeidas | Comics Oasis</h3></div><span class="event-time">11:00 - 18:00</span><span class="event-location">Kulttuuritalo Valve | Cultural Centre Valve, Hallituskatu 7, Oulu</span><div class="event-details"><p><span style="font-weight: 400;"><img loading="lazy" decoding="async" class="alignright size-medium wp-image-6833" src="https://www.oulucomics.com/wp-content/uploads/2022/09/Keidas_netti-300x266.jpeg" alt="" width="300" height="266" srcset="https://www.oulucomics.com/wp-content/uploads/2022/09/Keidas_netti-300x266.jpeg 300w, https://www.oulucomics.com/wp-content/uploads/2022/09/Keidas_netti-440x389.jpeg 440w, https://www.oulucomics.com/wp-content/uploads/2022/09/Keidas_netti.jpeg 600w" sizes="auto, (max-width: 300px) 100vw, 300px" /><img loading="lazy" decoding="async" class="size-full wp-image-2956 alignleft" src="http://www.oulucomics.com/wp-content/uploads/2017/10/fi.jpg" alt="" width="23" height="20" />Sarjakuvakeidas tarjoaa vierailijoille mahdollisuuden tehdä sarjakuvalöytöjä. Keitaalla on myynnissä sarjakuvakirjoja, tulosteita, oheistuotteita ja muuta materiaalia lukuisilla pöydillä, joiden takaa löytyy itsenäisiä tekijöitä, yrityksiä ja yhteisöjä. </span></p>
<p><strong>Turun Sarjakuvakauppa</strong><b> / </b><span style="font-weight: 400;">Zum Teufel</span></p>
<p><strong>Valvesalin aula</strong></p>
<ul>
<li><span style="font-weight: 400;">Asema kustannus / Ville Ranta</span></li>
<li><span style="font-weight: 400;">Kutikuti</span></li>
<li><span style="font-weight: 400;">Pohjoinen kulttuurilehti Kaltio</span></li>
<li><span style="font-weight: 400;">Suuri Kurpitsa</span></li>
</ul>
<p><strong>Valvesali</strong></p>
<ul>
<li><span style="font-weight: 400;">Apila Pepita</span></li>
<li><span style="font-weight: 400;">Betoniaaveet</span></li>
<li><span style="font-weight: 400;">Ilpo Koskela</span></li>
<li><span style="font-weight: 400;">Irina Tiala</span></li>
<li><span style="font-weight: 400;">Jarkko Harakka</span></li>
<li><span style="font-weight: 400;">Jasso / Jii Roikonen</span></li>
<li><span style="font-weight: 400;">Jenni Välikangas &amp; Reetta Kallio</span></li>
<li><span style="font-weight: 400;">Jiipu Uusitalo</span></li>
<li><span style="font-weight: 400;">Jouni Koponen</span></li>
<li><span style="font-weight: 400;">Kummaconin sarjakuva- ja kirjakirppis</span></li>
<li><span style="font-weight: 400;">Limingan taidekoulu</span></li>
<li><span style="font-weight: 400;">Matti Reijonen</span></li>
<li><span style="font-weight: 400;">Mirjamindigo</span></li>
<li><span style="font-weight: 400;">Musta Ritari / Kevyt metalli</span></li>
<li><span style="font-weight: 400;">Muura / Mira-Pauliina</span></li>
<li><span style="font-weight: 400;">Nam-Ke Production</span></li>
<li><span style="font-weight: 400;">Nordic Manga (klo 15-18)</span></li>
<li><span style="font-weight: 400;">Niina Salmelin</span></li>
<li><span style="font-weight: 400;">Nika Kiiskilä</span></li>
<li><span style="font-weight: 400;">Oulun Cosplay</span></li>
<li><span style="font-weight: 400;">PeneLopez</span></li>
<li><span style="font-weight: 400;">Piiru</span></li>
<li><span style="font-weight: 400;">Pokuto - Pohjoinen Kustannustoiminta</span></li>
<li><span style="font-weight: 400;">Para Valta</span></li>
<li><span style="font-weight: 400;">Reunaehto</span></li>
<li><span style="font-weight: 400;">ROSA - Rovaniemen Sarjakuvaseura</span></li>
<li><span style="font-weight: 400;">Sarjakuva- ja taidekollektiivi Kryptidi Homot</span></li>
<li><span style="font-weight: 400;">Siiri Viljakka</span></li>
<li><span style="font-weight: 400;">Suisto Kustannus</span></li>
<li><span style="font-weight: 400;">Sumu Posio</span></li>
<li><span style="font-weight: 400;">Suomen Sarjakuvaseura ry</span></li>
<li>Veli-Matti Ural</li>
<li><span style="font-weight: 400;">Ville Paananen</span></li>
<li><span style="font-weight: 400;">VrKiwi</span></li>
</ul>
<p><span style="font-weight: 400; color: #0000ff;"><a href="http://www.oulucomics.com/wp-content/uploads/2017/10/en.jpg"><img loading="lazy" decoding="async" class="size-full wp-image-2955 alignleft" src="http://www.oulucomics.com/wp-content/uploads/2017/10/en.jpg" alt="" width="23" height="20" /></a>Comics Oasis offers its visitors a possibility to discover new comics and make bargains. There will be comic books, art prints, apparel, and other stuff on sale at the oasis, sold by independent authors, companies, and communities.</span></p>
</div></div>
				</li>
			 	<li class="event festivaali fest-en fsat center signing">
					<div class="event-date"><div class="start-date"><div class="event-weekday">la</div><div class="event-day">12</div><div class="event-month">marras</div><div class="event-year">2022</div></div></div>
					<div class="event-info single-day"><div class="event-title"><h3>Signeeraukset | Signings</h3></div><span class="event-time">11:00 - 18:00</span><span class="event-location">Kulttuuritalo Valve | Cultural Centre Valve, Hallituskatu 7, Oulu</span><div class="event-details"><h3>Turun Sarjakuvakauppa</h3>
<ul>
<li><span style="font-weight: 400;">12:00-13:00, </span><span style="font-weight: 400;"><strong>Jaana Suorsa</strong></span></li>
<li><span style="font-weight: 400;">12:45-13:30, </span><strong>Harri "Wallu" Vaalio</strong></li>
<li><span style="font-weight: 400;">13:00-13:30, </span><strong>Kari Sihvonen</strong></li>
<li><span style="font-weight: 400;">13:30-14:30, </span><strong>Tapani Bagge</strong> &amp; <strong>Aapo Kukko</strong></li>
<li><span style="font-weight: 400;">14:30-15:15, </span><strong>Petteri Tikkanen</strong></li>
<li><span style="font-weight: 400;">14:30-15:15, </span><strong>Ville Hänninen</strong></li>
<li><span style="font-weight: 400;">15:15-15:45, </span><strong>Lauri Ahtinen</strong></li>
<li><span style="font-weight: 400;">15:15-16:15, </span><strong>Petri Hiltunen</strong></li>
<li><span style="font-weight: 400;">15:45-16:30, </span><strong>Jarno Latva-Nikkola</strong></li>
<li><span style="font-weight: 400;">16:15-17:00, </span><strong>Hanneriina Moisseinen</strong></li>
<li><span style="font-weight: 400;">16:30-17:30, </span><span style="font-weight: 400;"><strong>Malin Falch</strong> (Norja)</span></li>
<li><span style="font-weight: 400;">17:00-17:45, </span><strong>Pertti Jarla</strong></li>
<li><span style="font-weight: 400;">17:15-17:45, </span><strong>Karoliina Korhonen</strong></li>
<li><span style="font-weight: 400;">17:45-18:15, </span><span style="font-weight: 400;"><strong>Tessa Astre</strong>, <strong>Niko-Petteri Niva</strong> &amp; <strong>Aapo Kukko</strong></span></li>
</ul>
<h3>Suuri Kurpitsa &amp; Asema Kustannus</h3>
<ul>
<li><span style="font-weight: 400;">11:00-18:00, </span><strong>Ville Ranta</strong></li>
<li><span style="font-weight: 400;">11:30-12:30, </span><strong>Kimmo Lust</strong></li>
<li><span style="font-weight: 400;">15:00-16:00, </span><strong>Emilia Laatikainen</strong></li>
</ul>
<h3>Pokuto - Pohjoinen Kustannustoiminta</h3>
<ul>
<li><span style="font-weight: 400;">12:00-13:00, </span><strong>Sami Nyyssölä</strong></li>
<li><span style="font-weight: 400;">13:00-14:00, </span><strong>Tiia Salmelin</strong></li>
<li><span style="font-weight: 400;">14:00-15:00, </span><strong>Riika Ruottinen</strong></li>
<li><span style="font-weight: 400;">15:00-16:00, </span><strong>Mikko Jylhä</strong></li>
</ul>
<h3>Musta Ritari / Kevyt Metalli</h3>
<ul>
<li><span style="font-weight: 400;">13:45-15:00, </span><strong>Ville Paananen</strong></li>
<li><span style="font-weight: 400;">15:00-16:00, </span><span style="font-weight: 400;"><strong>Vesa Vitikainen</strong> &amp; <strong>Markus Tuppurainen</strong></span></li>
</ul>
<h3>Suisto Kustannus</h3>
<ul>
<li><span style="font-weight: 400;">11:00-18:00, </span><strong>Janne Parviainen</strong></li>
</ul>
<h3>PeneLopez</h3>
<ul>
<li><span style="font-weight: 400;">11:00-18:00, </span><strong>Jouko Nuora</strong></li>
</ul>
</div></div>
				</li></ul>
				</div>
