{"id":55,"date":"2016-08-10T08:24:55","date_gmt":"2016-08-10T05:24:55","guid":{"rendered":"http:\/\/www.oulucomics.com\/?page_id=55"},"modified":"2017-01-17T08:53:29","modified_gmt":"2017-01-17T06:53:29","slug":"nayttelyt","status":"publish","type":"page","link":"https:\/\/www.oulucomics.com\/fi\/tapahtumat\/nayttelyt\/","title":{"rendered":"N\u00e4yttelyt"},"content":{"rendered":"<p><span style=\"color: #333333;\">Oulun Sarjakuvakeskuksen menev\u00e4\u00e4 ja tulevaa n\u00e4yttelytoimintaa voit n\u00e4pp\u00e4r\u00e4sti seurata t\u00e4\u00e4lt\u00e4. Sarjakuvagalleria!:n n\u00e4yttelyt l\u00f6ytyv\u00e4t omasta listastaan <a title=\"Sarjakuvagalleria!\" href=\"http:\/\/www.oulucomics.com\/tapahtumat\/sarjakuvagalleria\/\">Sarjakuvagalleria!<\/a> -valikosta.\u00a0<\/span><\/p>\n<p><span style=\"color: #444444;\">\n\t\t\t\t<div class=\"event-list\">\n\t\t\t\t<style type=\"text\/css\">\n\t\t\t\t\t.filterbar { display:table; width:100% }\n\t\t\t\t\t.filterbar > div { display:table-cell }\n\t\t\t\t<\/style>\n\t\t\t\t<!--[if lte IE 7]>\n\t\t\t\t<style>.filterbar > div { float:left }<\/style>\n\t\t\t\t<![endif]-->\n\t\t\t\t<div class=\"filterbar subsubsub\">\n\t\t\t\t\t<div style=\"text-align:left\"><ul class=\"hlist\"><li><a href=\"https:\/\/www.oulucomics.com\/fi\/tapahtumat\/nayttelyt\/?date1=all\">All<\/a><\/li><li><strong>Upcoming<\/strong><\/li><li><a href=\"https:\/\/www.oulucomics.com\/fi\/tapahtumat\/nayttelyt\/?date1=2014\">2014<\/a><\/li><li><a href=\"https:\/\/www.oulucomics.com\/fi\/tapahtumat\/nayttelyt\/?date1=2015\">2015<\/a><\/li><li><a href=\"https:\/\/www.oulucomics.com\/fi\/tapahtumat\/nayttelyt\/?date1=2016\">2016<\/a><\/li><li><a href=\"https:\/\/www.oulucomics.com\/fi\/tapahtumat\/nayttelyt\/?date1=2017\">2017<\/a><\/li><li><a href=\"https:\/\/www.oulucomics.com\/fi\/tapahtumat\/nayttelyt\/?date1=2018\">2018<\/a><\/li><li><a href=\"https:\/\/www.oulucomics.com\/fi\/tapahtumat\/nayttelyt\/?date1=2019\">2019<\/a><\/li><li><a href=\"https:\/\/www.oulucomics.com\/fi\/tapahtumat\/nayttelyt\/?date1=2020\">2020<\/a><\/li><li><a href=\"https:\/\/www.oulucomics.com\/fi\/tapahtumat\/nayttelyt\/?date1=2021\">2021<\/a><\/li><li><a href=\"https:\/\/www.oulucomics.com\/fi\/tapahtumat\/nayttelyt\/?date1=2022\">2022<\/a><\/li><li><a href=\"https:\/\/www.oulucomics.com\/fi\/tapahtumat\/nayttelyt\/?date1=2023\">2023<\/a><\/li><li><a href=\"https:\/\/www.oulucomics.com\/fi\/tapahtumat\/nayttelyt\/?date1=2024\">2024<\/a><\/li><li><a href=\"https:\/\/www.oulucomics.com\/fi\/tapahtumat\/nayttelyt\/?date1=2025\">2025<\/a><\/li><li><a href=\"https:\/\/www.oulucomics.com\/fi\/tapahtumat\/nayttelyt\/?date1=2026\">2026<\/a><\/li><\/ul>\n\t\t\t\t\t<\/div><\/div>\n\t\t\t\t<ul class=\"event-list-view\">\n\t\t\t \t<li class=\"event nayttelyt center sarjakuvagalleria\">\n\t\t\t\t\t<div class=\"event-date multi-date\"><div class=\"start-date\"><div class=\"event-weekday\">la<\/div><div class=\"event-day\">25<\/div><div class=\"event-month\">huhti<\/div><div class=\"event-year\">2026<\/div><\/div><div class=\"end-date\"><div class=\"event-weekday\">to<\/div><div class=\"event-day\">04<\/div><div class=\"event-month\">kes\u00e4<\/div><div class=\"event-year\">2026<\/div><\/div><\/div>\n\t\t\t\t\t<div class=\"event-info multi-day\"><div class=\"event-title\"><h3>Esa Holopainen: Jere Kostamus ja Big Niitty -sarjakuvan\u00e4yttely<\/h3><\/div><span class=\"event-location\">Sarjakuvagalleria! | Comics Gallery!, Hallituskatu 7, Oulu<\/span><div class=\"event-details\"><p><strong><img loading=\"lazy\" decoding=\"async\" class=\"alignright size-medium wp-image-7974\" src=\"https:\/\/www.oulucomics.com\/wp-content\/uploads\/2026\/03\/bigniittykansi-211x300.jpg\" alt=\"\" width=\"211\" height=\"300\" srcset=\"https:\/\/www.oulucomics.com\/wp-content\/uploads\/2026\/03\/bigniittykansi-211x300.jpg 211w, https:\/\/www.oulucomics.com\/wp-content\/uploads\/2026\/03\/bigniittykansi-440x625.jpg 440w, https:\/\/www.oulucomics.com\/wp-content\/uploads\/2026\/03\/bigniittykansi.jpg 634w\" sizes=\"auto, (max-width: 211px) 100vw, 211px\" \/>Esa Holopaisen<\/strong> teoksessa <em>Jere Kostamus ja Big Niitty<\/em> (Musta Ritari, 2024) Komisario Jere Kostamuksen tutkimukset jatkuvat. Pellot niityt, purot ja suot voivat peitt\u00e4\u00e4 alleen salaisuuksia. Mutta voivatko ne piilottaa murhaajan? Kun Markkulan metsist\u00e4 l\u00f6ytyy vainaja, kutsutaan tapausta selvitt\u00e4m\u00e4\u00e4n komisario Jere Kostamus, apunaan etsiv\u00e4 V\u00e4h\u00e4m\u00e4ki. Jere Kostamus -sarja sis\u00e4lt\u00e4\u00e4 sarkastisen leppoisaa huumoria, vaarallisia tilanteita ja kauniita maisemia.<\/p>\n<p>N\u00e4yttelyn avajaisia vietet\u00e4\u00e4n lauantaina 25.4.2026 klo 15-16. Tervetuloa!<\/p>\n<\/div><\/div>\n\t\t\t\t<\/li>\n\t\t\t \t<li class=\"event nayttelyt center sarjakuvagalleria\">\n\t\t\t\t\t<div class=\"event-date multi-date\"><div class=\"start-date\"><div class=\"event-weekday\">la<\/div><div class=\"event-day\">06<\/div><div class=\"event-month\">kes\u00e4<\/div><div class=\"event-year\">2026<\/div><\/div><div class=\"end-date\"><div class=\"event-weekday\">ke<\/div><div class=\"event-day\">29<\/div><div class=\"event-month\">hein\u00e4<\/div><div class=\"event-year\">2026<\/div><\/div><\/div>\n\t\t\t\t\t<div class=\"event-info multi-day\"><div class=\"event-title\"><h3>Lauri M\u00e4kimurto: Sarjakuvaoriginaaleja<\/h3><\/div><span class=\"event-location\">Sarjakuvagalleria! | Comics Gallery!, Hallituskatu 7, Oulu<\/span><div class=\"event-details\"><p>N\u00e4yttelynavajaiset 6.6.2026<\/p>\n<p>Lis\u00e4tietoa luvassa my\u00f6hemmin...<\/p>\n<\/div><\/div>\n\t\t\t\t<\/li>\n\t\t\t \t<li class=\"event nayttelyt center sarjakuvagalleria\">\n\t\t\t\t\t<div class=\"event-date multi-date\"><div class=\"start-date\"><div class=\"event-weekday\">la<\/div><div class=\"event-day\">01<\/div><div class=\"event-month\">elo<\/div><div class=\"event-year\">2026<\/div><\/div><div class=\"end-date\"><div class=\"event-weekday\">ti<\/div><div class=\"event-day\">06<\/div><div class=\"event-month\">loka<\/div><div class=\"event-year\">2026<\/div><\/div><\/div>\n\t\t\t\t\t<div class=\"event-info multi-day\"><div class=\"event-title\"><h3>Taneli Kemppi: Kerrosten v\u00e4list\u00e4 -sarjakuvaoriginaalin\u00e4yttely<\/h3><\/div><span class=\"event-location\">Sarjakuvagalleria! | Comics Gallery!, Hallituskatu 7, Oulu<\/span><div class=\"event-details\"><p><strong><img loading=\"lazy\" decoding=\"async\" class=\"alignright size-medium wp-image-7853\" src=\"https:\/\/www.oulucomics.com\/wp-content\/uploads\/2025\/09\/Taneli_Kemppi_Kerrosten_va\u0308lista\u0308-209x300.jpg\" alt=\"\" width=\"209\" height=\"300\" srcset=\"https:\/\/www.oulucomics.com\/wp-content\/uploads\/2025\/09\/Taneli_Kemppi_Kerrosten_va\u0308lista\u0308-209x300.jpg 209w, https:\/\/www.oulucomics.com\/wp-content\/uploads\/2025\/09\/Taneli_Kemppi_Kerrosten_va\u0308lista\u0308.jpg 418w\" sizes=\"auto, (max-width: 209px) 100vw, 209px\" \/>Taneli Kempin<\/strong> <em>Kerrosten v\u00e4list\u00e4<\/em> (Zum Teufel, 2025) on omael\u00e4m\u00e4kerrallinen teos laihdutuskulttuurin haitoista ja herk\u00e4st\u00e4 lapsen ja aikuisen mielest\u00e4. Se raottaa kerroksia, joihin lapsena opitut ja havaitut asenteet j\u00e4\u00e4v\u00e4t asumaan, ja miten ne alkavat ottamaan yh\u00e4 enemm\u00e4n tilaa nuoren aikuisen el\u00e4m\u00e4ss\u00e4.<\/p>\n<p>Kerrosten v\u00e4list\u00e4 on armoton ja viisas kirja, jota ei voi laskea k\u00e4sist\u00e4\u00e4n. Ironia, henkil\u00f6kohtaisuus ja vilpitt\u00f6myys kietoutuvat yhteiskuntakriittiseksi tarinaksi lihavuudesta, joka kulkee kolmannen luokan painok\u00e4yrist\u00e4 kohti paljon peloteltua aikaista hautaa. Vai voisiko sen sittenkin v\u00e4ltt\u00e4\u00e4, jos maailma vain vihaisi lihavia ihmisi\u00e4 v\u00e4hemm\u00e4n?<\/p>\n<p>Taneli Kemppi (s. 1994) on Tampereella asuva monitaiteilija. Kemppi on pit\u00e4nyt sarjakuvablogia ja julkaissut omakustanteisia sarjakuvapienlehti\u00e4 alan tapahtumissa. Kemppi on ollut my\u00f6s mukana Rikkin\u00e4isen mielen kuvat -antologiassa. Kerrosten v\u00e4list\u00e4 on h\u00e4nen ensimm\u00e4inen sarjakuvaromaaninsa.<\/p>\n<\/div><\/div>\n\t\t\t\t<\/li><\/ul>\n\t\t\t\t<\/div><\/span><\/p>\n","protected":false},"excerpt":{"rendered":"<p><span style=\"color: #333333;\">Oulun Sarjakuvakeskuksen menev\u00e4\u00e4 ja tulevaa n\u00e4yttelytoimintaa voit n\u00e4pp\u00e4r\u00e4sti seurata t\u00e4\u00e4lt\u00e4. Sarjakuvagalleria!:n n\u00e4yttelyt l\u00f6ytyv\u00e4t omasta listastaan <a title=\"Sarjakuvagalleria!\" href=\"http:\/\/www.oulucomics.com\/tap...\n<\/p>\n","protected":false},"author":1,"featured_media":0,"parent":8,"menu_order":3,"comment_status":"closed","ping_status":"closed","template":"","meta":{"footnotes":""},"categories":[],"tags":[],"class_list":["post-55","page","type-page","status-publish","hentry"],"_links":{"self":[{"href":"https:\/\/www.oulucomics.com\/fi\/wp-json\/wp\/v2\/pages\/55","targetHints":{"allow":["GET"]}}],"collection":[{"href":"https:\/\/www.oulucomics.com\/fi\/wp-json\/wp\/v2\/pages"}],"about":[{"href":"https:\/\/www.oulucomics.com\/fi\/wp-json\/wp\/v2\/types\/page"}],"author":[{"embeddable":true,"href":"https:\/\/www.oulucomics.com\/fi\/wp-json\/wp\/v2\/users\/1"}],"replies":[{"embeddable":true,"href":"https:\/\/www.oulucomics.com\/fi\/wp-json\/wp\/v2\/comments?post=55"}],"version-history":[{"count":4,"href":"https:\/\/www.oulucomics.com\/fi\/wp-json\/wp\/v2\/pages\/55\/revisions"}],"predecessor-version":[{"id":1745,"href":"https:\/\/www.oulucomics.com\/fi\/wp-json\/wp\/v2\/pages\/55\/revisions\/1745"}],"up":[{"embeddable":true,"href":"https:\/\/www.oulucomics.com\/fi\/wp-json\/wp\/v2\/pages\/8"}],"wp:attachment":[{"href":"https:\/\/www.oulucomics.com\/fi\/wp-json\/wp\/v2\/media?parent=55"}],"wp:term":[{"taxonomy":"category","embeddable":true,"href":"https:\/\/www.oulucomics.com\/fi\/wp-json\/wp\/v2\/categories?post=55"},{"taxonomy":"post_tag","embeddable":true,"href":"https:\/\/www.oulucomics.com\/fi\/wp-json\/wp\/v2\/tags?post=55"}],"curies":[{"name":"wp","href":"https:\/\/api.w.org\/{rel}","templated":true}]}}

Näyttelyt

<p><span style="color: #333333;">Oulun Sarjakuvakeskuksen menevää ja tulevaa näyttelytoimintaa voit näppärästi seurata täältä. Sarjakuvagalleria!:n näyttelyt löytyvät omasta listastaan <a title="Sarjakuvagalleria!" href="http://www.oulucomics.com/tapahtumat/sarjakuvagalleria/">Sarjakuvagalleria!</a> -valikosta. </span></p>
<p><span style="color: #444444;">
				<div class="event-list">
				<style type="text/css">
					.filterbar { display:table; width:100% }
					.filterbar > div { display:table-cell }
				</style>
				<!--[if lte IE 7]>
				<style>.filterbar > div { float:left }</style>
				<![endif]-->
				<div class="filterbar subsubsub">
					<div style="text-align:left"><ul class="hlist"><li><a href="https://www.oulucomics.com/fi/tapahtumat/nayttelyt/?date1=all">All</a></li><li><strong>Upcoming</strong></li><li><a href="https://www.oulucomics.com/fi/tapahtumat/nayttelyt/?date1=2014">2014</a></li><li><a href="https://www.oulucomics.com/fi/tapahtumat/nayttelyt/?date1=2015">2015</a></li><li><a href="https://www.oulucomics.com/fi/tapahtumat/nayttelyt/?date1=2016">2016</a></li><li><a href="https://www.oulucomics.com/fi/tapahtumat/nayttelyt/?date1=2017">2017</a></li><li><a href="https://www.oulucomics.com/fi/tapahtumat/nayttelyt/?date1=2018">2018</a></li><li><a href="https://www.oulucomics.com/fi/tapahtumat/nayttelyt/?date1=2019">2019</a></li><li><a href="https://www.oulucomics.com/fi/tapahtumat/nayttelyt/?date1=2020">2020</a></li><li><a href="https://www.oulucomics.com/fi/tapahtumat/nayttelyt/?date1=2021">2021</a></li><li><a href="https://www.oulucomics.com/fi/tapahtumat/nayttelyt/?date1=2022">2022</a></li><li><a href="https://www.oulucomics.com/fi/tapahtumat/nayttelyt/?date1=2023">2023</a></li><li><a href="https://www.oulucomics.com/fi/tapahtumat/nayttelyt/?date1=2024">2024</a></li><li><a href="https://www.oulucomics.com/fi/tapahtumat/nayttelyt/?date1=2025">2025</a></li><li><a href="https://www.oulucomics.com/fi/tapahtumat/nayttelyt/?date1=2026">2026</a></li></ul>
					</div></div>
				<ul class="event-list-view">
			 	<li class="event nayttelyt center sarjakuvagalleria">
					<div class="event-date multi-date"><div class="start-date"><div class="event-weekday">la</div><div class="event-day">25</div><div class="event-month">huhti</div><div class="event-year">2026</div></div><div class="end-date"><div class="event-weekday">to</div><div class="event-day">04</div><div class="event-month">kesä</div><div class="event-year">2026</div></div></div>
					<div class="event-info multi-day"><div class="event-title"><h3>Esa Holopainen: Jere Kostamus ja Big Niitty -sarjakuvanäyttely</h3></div><span class="event-location">Sarjakuvagalleria! | Comics Gallery!, Hallituskatu 7, Oulu</span><div class="event-details"><p><strong><img loading="lazy" decoding="async" class="alignright size-medium wp-image-7974" src="https://www.oulucomics.com/wp-content/uploads/2026/03/bigniittykansi-211x300.jpg" alt="" width="211" height="300" srcset="https://www.oulucomics.com/wp-content/uploads/2026/03/bigniittykansi-211x300.jpg 211w, https://www.oulucomics.com/wp-content/uploads/2026/03/bigniittykansi-440x625.jpg 440w, https://www.oulucomics.com/wp-content/uploads/2026/03/bigniittykansi.jpg 634w" sizes="auto, (max-width: 211px) 100vw, 211px" />Esa Holopaisen</strong> teoksessa <em>Jere Kostamus ja Big Niitty</em> (Musta Ritari, 2024) Komisario Jere Kostamuksen tutkimukset jatkuvat. Pellot niityt, purot ja suot voivat peittää alleen salaisuuksia. Mutta voivatko ne piilottaa murhaajan? Kun Markkulan metsistä löytyy vainaja, kutsutaan tapausta selvittämään komisario Jere Kostamus, apunaan etsivä Vähämäki. Jere Kostamus -sarja sisältää sarkastisen leppoisaa huumoria, vaarallisia tilanteita ja kauniita maisemia.</p>
<p>Näyttelyn avajaisia vietetään lauantaina 25.4.2026 klo 15-16. Tervetuloa!</p>
</div></div>
				</li>
			 	<li class="event nayttelyt center sarjakuvagalleria">
					<div class="event-date multi-date"><div class="start-date"><div class="event-weekday">la</div><div class="event-day">06</div><div class="event-month">kesä</div><div class="event-year">2026</div></div><div class="end-date"><div class="event-weekday">ke</div><div class="event-day">29</div><div class="event-month">heinä</div><div class="event-year">2026</div></div></div>
					<div class="event-info multi-day"><div class="event-title"><h3>Lauri Mäkimurto: Sarjakuvaoriginaaleja</h3></div><span class="event-location">Sarjakuvagalleria! | Comics Gallery!, Hallituskatu 7, Oulu</span><div class="event-details"><p>Näyttelynavajaiset 6.6.2026</p>
<p>Lisätietoa luvassa myöhemmin...</p>
</div></div>
				</li>
			 	<li class="event nayttelyt center sarjakuvagalleria">
					<div class="event-date multi-date"><div class="start-date"><div class="event-weekday">la</div><div class="event-day">01</div><div class="event-month">elo</div><div class="event-year">2026</div></div><div class="end-date"><div class="event-weekday">ti</div><div class="event-day">06</div><div class="event-month">loka</div><div class="event-year">2026</div></div></div>
					<div class="event-info multi-day"><div class="event-title"><h3>Taneli Kemppi: Kerrosten välistä -sarjakuvaoriginaalinäyttely</h3></div><span class="event-location">Sarjakuvagalleria! | Comics Gallery!, Hallituskatu 7, Oulu</span><div class="event-details"><p><strong><img loading="lazy" decoding="async" class="alignright size-medium wp-image-7853" src="https://www.oulucomics.com/wp-content/uploads/2025/09/Taneli_Kemppi_Kerrosten_välistä-209x300.jpg" alt="" width="209" height="300" srcset="https://www.oulucomics.com/wp-content/uploads/2025/09/Taneli_Kemppi_Kerrosten_välistä-209x300.jpg 209w, https://www.oulucomics.com/wp-content/uploads/2025/09/Taneli_Kemppi_Kerrosten_välistä.jpg 418w" sizes="auto, (max-width: 209px) 100vw, 209px" />Taneli Kempin</strong> <em>Kerrosten välistä</em> (Zum Teufel, 2025) on omaelämäkerrallinen teos laihdutuskulttuurin haitoista ja herkästä lapsen ja aikuisen mielestä. Se raottaa kerroksia, joihin lapsena opitut ja havaitut asenteet jäävät asumaan, ja miten ne alkavat ottamaan yhä enemmän tilaa nuoren aikuisen elämässä.</p>
<p>Kerrosten välistä on armoton ja viisas kirja, jota ei voi laskea käsistään. Ironia, henkilökohtaisuus ja vilpittömyys kietoutuvat yhteiskuntakriittiseksi tarinaksi lihavuudesta, joka kulkee kolmannen luokan painokäyristä kohti paljon peloteltua aikaista hautaa. Vai voisiko sen sittenkin välttää, jos maailma vain vihaisi lihavia ihmisiä vähemmän?</p>
<p>Taneli Kemppi (s. 1994) on Tampereella asuva monitaiteilija. Kemppi on pitänyt sarjakuvablogia ja julkaissut omakustanteisia sarjakuvapienlehtiä alan tapahtumissa. Kemppi on ollut myös mukana Rikkinäisen mielen kuvat -antologiassa. Kerrosten välistä on hänen ensimmäinen sarjakuvaromaaninsa.</p>
</div></div>
				</li></ul>
				</div></span></p>

<p><span style="color: #333333;">Oulun Sarjakuvakeskuksen menevää ja tulevaa näyttelytoimintaa voit näppärästi seurata täältä. Sarjakuvagalleria!:n näyttelyt löytyvät omasta listastaan <a title="Sarjakuvagalleria!" href="http://www.oulucomics.com/tap...
</p>
