{"id":3831,"date":"2019-04-04T13:06:00","date_gmt":"2019-04-04T10:06:00","guid":{"rendered":"http:\/\/www.oulucomics.com\/?page_id=3831"},"modified":"2022-03-01T13:07:25","modified_gmt":"2022-03-01T11:07:25","slug":"sarjakuvanlukuinto","status":"publish","type":"page","link":"https:\/\/www.oulucomics.com\/fi\/sarjasto\/sarjakuvanlukuinto\/","title":{"rendered":"Sarjakuvanlukuinto"},"content":{"rendered":"<p><img loading=\"lazy\" decoding=\"async\" class=\"alignleft wp-image-3999 size-large\" src=\"http:\/\/www.oulucomics.com\/wp-content\/uploads\/2019\/04\/kuvitus_mayrarivi_ilmtaustaa_varjot-1-1024x551.png\" alt=\"kuvitus_mayrarivi_ilmtaustaa_varjot\" width=\"1024\" height=\"551\" srcset=\"https:\/\/www.oulucomics.com\/wp-content\/uploads\/2019\/04\/kuvitus_mayrarivi_ilmtaustaa_varjot-1-1024x551.png 1024w, https:\/\/www.oulucomics.com\/wp-content\/uploads\/2019\/04\/kuvitus_mayrarivi_ilmtaustaa_varjot-1-300x161.png 300w, https:\/\/www.oulucomics.com\/wp-content\/uploads\/2019\/04\/kuvitus_mayrarivi_ilmtaustaa_varjot-1-768x413.png 768w, https:\/\/www.oulucomics.com\/wp-content\/uploads\/2019\/04\/kuvitus_mayrarivi_ilmtaustaa_varjot-1-1440x775.png 1440w, https:\/\/www.oulucomics.com\/wp-content\/uploads\/2019\/04\/kuvitus_mayrarivi_ilmtaustaa_varjot-1-1050x565.png 1050w\" sizes=\"auto, (max-width: 1024px) 100vw, 1024px\" \/><\/p>\n<p>Oulun Sarjakuvakeskus j\u00e4rjesti uudenlaisen lukupiirej\u00e4 vuosina 2019-2020, jotka saivat nimekseen Sarjakuvanlukuinto. Kaiken ik\u00e4isille suunnatuissa ty\u00f6pajoissa sulautuivat yhteen lukupiiritoiminta ja yhdess\u00e4 piirt\u00e4minen. Ty\u00f6pajat olivat osallistujille ilmaisia, eik\u00e4 niihin tarvinnut ilmoittautua ennakkoon.<\/p>\n\n\t\t\t\t<div class=\"event-list\">\n\t\t\t\t<style type=\"text\/css\">\n\t\t\t\t\t.filterbar { display:table; width:100% }\n\t\t\t\t\t.filterbar > div { display:table-cell }\n\t\t\t\t<\/style>\n\t\t\t\t<!--[if lte IE 7]>\n\t\t\t\t<style>.filterbar > div { float:left }<\/style>\n\t\t\t\t<![endif]-->\n\t\t\t\t<div class=\"filterbar subsubsub\">\n\t\t\t\t\t<div style=\"text-align:left\"><ul class=\"hlist\"><li><a href=\"https:\/\/www.oulucomics.com\/fi\/sarjasto\/sarjakuvanlukuinto\/?date1=all\">All<\/a><\/li><li><strong>Upcoming<\/strong><\/li><li><a href=\"https:\/\/www.oulucomics.com\/fi\/sarjasto\/sarjakuvanlukuinto\/?date1=2019\">2019<\/a><\/li><li><a href=\"https:\/\/www.oulucomics.com\/fi\/sarjasto\/sarjakuvanlukuinto\/?date1=2020\">2020<\/a><\/li><\/ul>\n\t\t\t\t\t<\/div><\/div><p>no event<\/p>\n\t\t\t\t<\/div>\n<p><em>Sarjakuvanlukuintohanke toteutettiin yhteisty\u00f6ss\u00e4 Outi-kirjastojen ja Suomen kulttuurirahaston kanssa.<\/em><\/p>\n","protected":false},"excerpt":{"rendered":"<p><img loading=\"lazy\" decoding=\"async\" class=\"alignleft wp-image-3999 size-large\" src=\"http:\/\/www.oulucomics.com\/wp-content\/uploads\/2019\/04\/kuvitus_mayrarivi_ilmtaustaa_varjot-1-1024x551.png\" alt=\"kuvitus_mayrarivi_ilmtaustaa_varjot\" width=\"1024\" height=\"551\" srcset=\"https:\/\/www.oulucomics.com\/wp-content\/uploads\/2019\/04\/kuvitus_mayrarivi_ilmtaustaa_varjot-1-1024x551.png 1024w, https:\/\/www.oulucomics.com\/wp-content\/uploads\/2019\/04\/kuvitus_mayrarivi_ilmtaustaa_varjot-1-300x161.png 300w, https:\/\/www.oulucomics.com\/wp-content\/uploads\/2019\/04\/kuvitus_mayrarivi_ilmtaustaa_varjot-1-768x413.png 768w, https:\/\/www.oulucomics.com\/wp-content\/uploads\/2019\/04\/kuvitus_mayrarivi_ilmtaustaa_varjot-1-1440x775.png 1440w, https:\/\/www.oulucomics.com\/wp-content\/uploads\/2019\/04\/kuvitus_mayrarivi_ilmtaustaa_varjot-1-1050x565.png 1050w\" sizes=\"auto, (max-width: 1024px) 100vw, 1024px\" \/><\/p>\n<p>Oulun Sarjakuvakesku&#8230;<\/p>\n","protected":false},"author":1,"featured_media":0,"parent":6,"menu_order":10,"comment_status":"closed","ping_status":"closed","template":"","meta":{"footnotes":""},"categories":[],"tags":[],"class_list":["post-3831","page","type-page","status-publish","hentry"],"_links":{"self":[{"href":"https:\/\/www.oulucomics.com\/fi\/wp-json\/wp\/v2\/pages\/3831","targetHints":{"allow":["GET"]}}],"collection":[{"href":"https:\/\/www.oulucomics.com\/fi\/wp-json\/wp\/v2\/pages"}],"about":[{"href":"https:\/\/www.oulucomics.com\/fi\/wp-json\/wp\/v2\/types\/page"}],"author":[{"embeddable":true,"href":"https:\/\/www.oulucomics.com\/fi\/wp-json\/wp\/v2\/users\/1"}],"replies":[{"embeddable":true,"href":"https:\/\/www.oulucomics.com\/fi\/wp-json\/wp\/v2\/comments?post=3831"}],"version-history":[{"count":15,"href":"https:\/\/www.oulucomics.com\/fi\/wp-json\/wp\/v2\/pages\/3831\/revisions"}],"predecessor-version":[{"id":6591,"href":"https:\/\/www.oulucomics.com\/fi\/wp-json\/wp\/v2\/pages\/3831\/revisions\/6591"}],"up":[{"embeddable":true,"href":"https:\/\/www.oulucomics.com\/fi\/wp-json\/wp\/v2\/pages\/6"}],"wp:attachment":[{"href":"https:\/\/www.oulucomics.com\/fi\/wp-json\/wp\/v2\/media?parent=3831"}],"wp:term":[{"taxonomy":"category","embeddable":true,"href":"https:\/\/www.oulucomics.com\/fi\/wp-json\/wp\/v2\/categories?post=3831"},{"taxonomy":"post_tag","embeddable":true,"href":"https:\/\/www.oulucomics.com\/fi\/wp-json\/wp\/v2\/tags?post=3831"}],"curies":[{"name":"wp","href":"https:\/\/api.w.org\/{rel}","templated":true}]}}

<p><img loading="lazy" decoding="async" class="alignleft wp-image-3999 size-large" src="http://www.oulucomics.com/wp-content/uploads/2019/04/kuvitus_mayrarivi_ilmtaustaa_varjot-1-1024x551.png" alt="kuvitus_mayrarivi_ilmtaustaa_varjot" width="1024" height="551" srcset="https://www.oulucomics.com/wp-content/uploads/2019/04/kuvitus_mayrarivi_ilmtaustaa_varjot-1-1024x551.png 1024w, https://www.oulucomics.com/wp-content/uploads/2019/04/kuvitus_mayrarivi_ilmtaustaa_varjot-1-300x161.png 300w, https://www.oulucomics.com/wp-content/uploads/2019/04/kuvitus_mayrarivi_ilmtaustaa_varjot-1-768x413.png 768w, https://www.oulucomics.com/wp-content/uploads/2019/04/kuvitus_mayrarivi_ilmtaustaa_varjot-1-1440x775.png 1440w, https://www.oulucomics.com/wp-content/uploads/2019/04/kuvitus_mayrarivi_ilmtaustaa_varjot-1-1050x565.png 1050w" sizes="auto, (max-width: 1024px) 100vw, 1024px" /></p>
<p>Oulun Sarjakuvakeskus järjesti uudenlaisen lukupiirejä vuosina 2019-2020, jotka saivat nimekseen Sarjakuvanlukuinto. Kaiken ikäisille suunnatuissa työpajoissa sulautuivat yhteen lukupiiritoiminta ja yhdessä piirtäminen. Työpajat olivat osallistujille ilmaisia, eikä niihin tarvinnut ilmoittautua ennakkoon.</p>

				<div class="event-list">
				<style type="text/css">
					.filterbar { display:table; width:100% }
					.filterbar > div { display:table-cell }
				</style>
				<!--[if lte IE 7]>
				<style>.filterbar > div { float:left }</style>
				<![endif]-->
				<div class="filterbar subsubsub">
					<div style="text-align:left"><ul class="hlist"><li><a href="https://www.oulucomics.com/fi/sarjasto/sarjakuvanlukuinto/?date1=all">All</a></li><li><strong>Upcoming</strong></li><li><a href="https://www.oulucomics.com/fi/sarjasto/sarjakuvanlukuinto/?date1=2019">2019</a></li><li><a href="https://www.oulucomics.com/fi/sarjasto/sarjakuvanlukuinto/?date1=2020">2020</a></li></ul>
					</div></div><p>no event</p>
				</div>
<p><em>Sarjakuvanlukuintohanke toteutettiin yhteistyössä Outi-kirjastojen ja Suomen kulttuurirahaston kanssa.</em></p>
